 2*t + 3, -3*j - j = -3*t - 21. Suppose -j*d + 29 = 2. Suppose 20 = d*w - 5*w. Calculate the highest common factor of 55 and w.
5
Let l(f) = -2*f - 8. Let k be l(-7). Suppose q - 5*j + 8 = 0, -k = -5*j + 4. Suppose 261 = q*w + w. Calculate the highest common divisor of 29 and w.
29
Suppose -2*a + 164 = -36. Let b(v) = v**2 - 8*v - 13. Let k be b(11). Calculate the greatest common divisor of k and a.
20
Let n(k) = 5*k**3 - 5*k**2 + 7*k + 2. Let l be n(8). Suppose l = 12*d + 954. Let g(q) = q + 14. Let y be g(0). What is the highest common factor of y and d?
14
Let f(k) be the first derivative of -k**2/2 + k - 2. Let u be f(1). Suppose u = x + 1, 3*j + x + 41 = 4*j. What is the greatest common factor of j and 8?
8
Let c(m) = -m**2 + 15*m - 26. Let n be c(8). Calculate the greatest common divisor of n and 120.
30
Let y = -659 - -721. What is the highest common divisor of 1116 and y?
62
Suppose -245 = -5*a + 825. Suppose -158 = -3*y - 5*n, -3*y = y + 5*n - a. What is the highest common divisor of y and 16?
8
Let w = -1 + 1. Suppose -4*b - 6 + 186 = w. Let v = 6603 + -6598. What is the greatest common divisor of v and b?
5
Let d(p) = 11*p**2 - 24*p. Let s be d(14). What is the highest common divisor of s and 91?
91
Let n be 8/10*2610/12. Let z = n + -42. Let r(m) = -m**2 + 7*m + 6. Let f be r(6). What is the highest common factor of f and z?
12
Let v = -16 - -21. Suppose 2*b = 6, n + n = v*b + 41. What is the greatest common divisor of n and 224?
28
Let a be ((-3)/1)/(1/(-14)). Let w = 100 + -86. Let h be w/(0 - -3 - 2). Calculate the highest common divisor of h and a.
14
Let q = 37428 - 37426. Let p be (-230)/(-4)*4/5. Calculate the highest common divisor of q and p.
2
Let l be 2/(-3)*(-2 - 1). Suppose -l*r = -4*d + r - 1, -2*d - r + 7 = 0. Suppose d*v - 48 = v. What is the highest common divisor of 32 and v?
16
Let u be (5*-159)/(-5) + 12 + -10. Calculate the greatest common factor of u and 14.
7
Let h(x) = -21*x + 126. Let r be h(-13). What is the highest common factor of r and 21?
21
Let x be (-7)/(-3 + 5/6 - -2). What is the highest common divisor of x and 546?
42
Suppose 107 - 127 = -10*v. Calculate the greatest common factor of 58 and v.
2
Let s(g) = -g**3 - 28*g**2 + 30*g + 41. Let u be s(-29). Let c = 14 - -4. Let r = c - 10. Calculate the greatest common factor of u and r.
4
Let q = -97 + 37. Let k be (2 - 16/6)/(8/q). Calculate the highest common divisor of k and 1.
1
Let a be 28/35 + 3756/30. What is the greatest common divisor of a and 14?
14
Let r = -2122 - -3233. What is the greatest common divisor of 404 and r?
101
Suppose v = -3*v - h + 54, 0 = -5*v - 2*h + 66. Calculate the greatest common divisor of v and 21.
7
Let x = 0 - -16. Let b = x - -10. Let p = b - 8. What is the greatest common divisor of p and 6?
6
Let v(t) = -t**2 - 5*t + 2. Let h be v(-5). Suppose -h*g + 69 = g. Calculate the highest common divisor of g and 253.
23
Let r = 264 - -120. Suppose -6*u + r = 6*u. Let q be (0 - -8) + 1 + -1. Calculate the greatest common factor of q and u.
8
Suppose 32 = 4*d + z + z, -5*d + 40 = -3*z. Suppose 0 = d*t - 13*t + 30. Calculate the highest common factor of 15 and t.
3
Let t = -310 + 137. Let d = t - -315. Suppose 0 = 3*x - d - 50. Calculate the highest common divisor of 8 and x.
8
Let d(r) = -r**2 + 52*r - 314. Let o be d(7). What is the highest common divisor of 157 and o?
1
Let x = 43 - 34. Suppose -q + 5*q = 5*o - 123, 4*q - 39 = -o. What is the highest common factor of x and o?
9
Suppose 0 = -3*s - 6, -p + 5*s + 20 = p. Suppose -5*q = 2*a + 17 - 92, -75 = -p*q - 5*a. Calculate the highest common factor of q and 135.
15
Let g = -89 - -136. Suppose -4*r - 5*f + g = 0, 3*f + 15 = 4*r - 8. Let v = 23740 - 23736. What is the highest common divisor of r and v?
4
Suppose -1279 = -2*x - 5*v, 9*x - 3235 = 4*x - 5*v. Suppose 5*r + x = 4*b + 32, -465 = -3*b - 3*r. What is the greatest common divisor of b and 31?
31
Suppose -35 = -3*w + 157. Let t = 85 - w. What is the highest common divisor of 56 and t?
7
Let p = -202 + 221. What is the highest common divisor of 1007 and p?
19
Let o(y) = y**3 - 10*y**2 + 9*y + 2. Let g be o(9). Let m = 243 + -236. What is the highest common factor of g and m?
1
Suppose -36 - 6 = -j + 3*r, -j + 5*r = -42. Let u(v) = -5*v**3 - 2*v**2 + v**2 - 1 + 6*v**3 - v. Let d be u(3). What is the greatest common factor of d and j?
14
Let s(o) = 79*o + 3. Let l be s(4). Suppose 4 = p + 1, u - 4*p = 17. What is the highest common divisor of l and u?
29
Suppose 2*l + 2*l + l = 0. Suppose -4*c + 4*a + 40 = 0, 4*a = -l*c - 4*c + 16. What is the greatest common divisor of c and 84?
7
Suppose -c - 3*c + 12 = 0. Suppose 31 - 379 = -c*r. What is the highest common factor of 29 and r?
29
Let t = 818 - 807. Let n = 214 + -153. Suppose 0 = 2*p - 5 - n. What is the highest common divisor of t and p?
11
Suppose 6*q - 63 = 3*q. Suppose 22*y - 14 = 20*y. Let t be (y - 4)/(1/7). What is the greatest common divisor of q and t?
21
Suppose -5*b + 0*b = v - 2, 0 = -3*v + 5*b + 86. Calculate the greatest common divisor of 814 and v.
22
Let f(a) = a**3 - 4*a**2 - 2*a + 55. Let b be f(0). What is the greatest common factor of b and 15?
5
Suppose 0 = 7*n - 3*n - 436. Suppose n*o = 107*o + 8. What is the greatest common factor of 12 and o?
4
Let o = -26 - -47. Calculate the greatest common divisor of o and 14.
7
Suppose -2*z = -3*z + 2. Suppose -z*f + 7 = -5. Let j be (30/(-4))/(9/(-36)). Calculate the greatest common divisor of j and f.
6
Let x be 6 - 8 - (-6)/2. Let k be x - 4 - (-24 + -4). What is the highest common factor of 10 and k?
5
Let b(j) = -j**3 - 9*j**2 + 12*j + 25. Let v be b(-10). Suppose -13*w + v*w + 176 = 0. Calculate the greatest common divisor of 55 and w.
11
Let m be (-4)/(-8) + 22/4. Suppose -5*o - 12 = 3. Let b be (2/o)/((-1)/81). What is the highest common divisor of b and m?
6
Suppose 0 = 37*o - 430 - 1288 - 650. Let p = 48 + 0. What is the greatest common factor of o and p?
16
Suppose 2*j - 2*p - 14 = 0, -2*j - 5*p - 7 = -0*j. Suppose -w = 3*r + j - 26, 46 = 5*w - r. Calculate the greatest common divisor of 110 and w.
10
Let r = -48 - -12. Let v = 27 + r. Let z be v/(18/(-4)) + -1. What is the greatest common factor of 11 and z?
1
Suppose 3 = 2*b - 1. Let c(v) = -2 - 7*v - 3*v - 4*v - b*v. Let a be c(-2). What is the highest common divisor of 10 and a?
10
Suppose -415*o + 198 = -409*o. Calculate the highest common divisor of 6 and o.
3
Suppose 0 = 21*x - 17*x - 100. Suppose 0 = -5*w - 120 - 5. Let v be ((-5)/5)/(1/w). Calculate the greatest common factor of v and x.
25
Let m(l) = -l**3 - 9*l**2 + 8*l - 12. Let v be m(-10). Let s be v*(0 + (-39)/(-6)). Calculate the highest common divisor of s and 130.
26
Suppose 345 = 50*g - 5955. What is the greatest common divisor of g and 36?
18
Let u be (-3 - 56/(-12))*3. Suppose -v - x = -u*v + 9, 3*v - 24 = -5*x. What is the highest common divisor of v and 15?
3
Suppose -6*c + 288 = -2*c. Let r = 6 - 10. Let g(u) = u**3 + 7*u**2 + 7*u + 4. Let t be g(r). What is the greatest common factor of t and c?
24
Let i(a) = -62*a**3 + 2*a + 3. Let r(z) = -z**3 + 13*z**2 - 13*z + 11. Let j be r(12). Let y be i(j). Calculate the highest common divisor of y and 21.
21
Suppose 0 = 3*w - 3*o - 21, -33*w - 2*o - 4 = -30*w. Suppose -6*i = 4*t - 2*i - 16, -t + 6 = -i. What is the highest common factor of t and w?
1
Suppose 4*z - 122 + 10 = 0. Let s(o) = o**3 - 6*o**2 - o - 113. Let r be s(8). Calculate the highest common factor of r and z.
7
Suppose -3*f - 4*x = -1848, -4*x - 1396 - 1068 = -4*f. Calculate the highest common factor of 385 and f.
77
Suppose 33*h - 36499 = 14*h. What is the greatest common divisor of 113 and h?
113
Let x(s) = 27*s - 328. Let q be x(15). What is the greatest common factor of 33 and q?
11
Let y = 15 - 11. Suppose d - 2*d = s - 4, 3*s - y = -d. Suppose s = 5*q + 5*f - 35, 4*q = 3*f + 1 - 8. Calculate the highest common divisor of 2 and q.
2
Suppose 3 = 4*m - 5. Suppose -j + 2*c + 22 = 0, 5*c - 11 + 59 = 2*j. Let t = -12 + j. What is the greatest common factor of t and m?
2
Suppose -402 = -q - 2. What is the greatest common factor of q and 32?
16
Let i = -17 + 20. Suppose i*b - 3 = 2*b. What is the greatest common divisor of b and 15?
3
Let p be ((-2)/10)/(6/(-30